{"id":789,"date":"2024-11-12T18:21:43","date_gmt":"2024-11-12T18:21:43","guid":{"rendered":"https:\/\/linuxtec.com.br\/tecnotor\/?page_id=789"},"modified":"2024-11-12T18:24:16","modified_gmt":"2024-11-12T18:24:16","slug":"politica-de-qualidade","status":"publish","type":"page","link":"https:\/\/linuxtec.com.br\/tecnotor\/politica-de-qualidade\/","title":{"rendered":"Politica de Qualidade"},"content":{"rendered":"\t\t<div data-elementor-type=\"wp-page\" data-elementor-id=\"789\" class=\"elementor elementor-789\">\n\t\t\t\t<div class=\"elementor-element elementor-element-6f42600 e-flex e-con-boxed e-con e-parent\" data-id=\"6f42600\" data-element_type=\"container\">\n\t\t\t\t\t<div class=\"e-con-inner\">\n\t\t\t\t<div class=\"elementor-element elementor-element-0df96af elementor-widget elementor-widget-text-editor\" data-id=\"0df96af\" data-element_type=\"widget\" data-widget_type=\"text-editor.default\">\n\t\t\t\t<div class=\"elementor-widget-container\">\n\t\t\t\t\t\t\t<p data-sourcepos=\"15:1-15:96\">Com base nessas informa\u00e7\u00f5es, proponho a seguinte pol\u00edtica de qualidade para a Tecnotor Usinagem:<\/p>\n<p data-sourcepos=\"17:1-17:395\">A Tecnotor Usinagem se compromete a fornecer produtos e servi\u00e7os de usinagem de alta qualidade, que atendam plenamente aos requisitos dos clientes e \u00e0s normas aplic\u00e1veis. Atrav\u00e9s da melhoria cont\u00ednua de nossos processos e da busca pela excel\u00eancia operacional, visamos garantir a satisfa\u00e7\u00e3o total de nossos clientes e fortalecer nossa posi\u00e7\u00e3o como refer\u00eancia no mercado de usinagem de precis\u00e3o.<\/p><p data-sourcepos=\"17:1-17:395\"><br><\/p><p data-sourcepos=\"17:1-17:395\"><br><\/p>\n<p data-sourcepos=\"19:1-19:26\"><strong>Nossos princ\u00edpios s\u00e3o:<\/strong><\/p>\n<ul data-sourcepos=\"21:1-26:0\">\n<li data-sourcepos=\"21:1-21:150\"><strong>Qualidade e Precis\u00e3o:<\/strong> Produzir pe\u00e7as com as mais altas toler\u00e2ncias e acabamentos, utilizando tecnologias de ponta e materiais de primeira linha.<\/li>\n<li data-sourcepos=\"22:1-22:157\"><strong>Foco no Cliente:<\/strong> Entender as necessidades espec\u00edficas de cada cliente e superar suas expectativas, atrav\u00e9s de um atendimento personalizado e eficiente.<\/li>\n<li data-sourcepos=\"23:1-23:141\"><strong>Melhoria Cont\u00ednua:<\/strong> Promover a melhoria cont\u00ednua de todos os nossos processos, buscando a otimiza\u00e7\u00e3o dos recursos e a redu\u00e7\u00e3o de custos.<\/li>\n<li data-sourcepos=\"24:1-24:147\"><strong>Inova\u00e7\u00e3o:<\/strong> Investir em novas tecnologias e solu\u00e7\u00f5es para garantir a competitividade da empresa e oferecer produtos cada vez mais sofisticados.<\/li>\n<li data-sourcepos=\"25:1-26:0\"><strong>Integridade:<\/strong> Agir com \u00e9tica e transpar\u00eancia em todas as nossas rela\u00e7\u00f5es, tanto com clientes quanto com colaboradores.<\/li>\n<\/ul>\n<p data-sourcepos=\"27:1-27:68\">Para atingir esses objetivos, a Tecnotor Usinagem se compromete a:**<\/p>\n<ul data-sourcepos=\"29:1-34:0\">\n<li data-sourcepos=\"29:1-29:138\"><strong>Implementar e manter um Sistema de Gest\u00e3o da Qualidade eficaz:<\/strong> Seguindo os requisitos da norma ISO 9001 e outros padr\u00f5es aplic\u00e1veis.<\/li>\n<li data-sourcepos=\"30:1-30:196\"><strong>Investir na capacita\u00e7\u00e3o de nossos colaboradores:<\/strong> Proporcionando treinamento e desenvolvimento cont\u00ednuos para garantir o dom\u00ednio t\u00e9cnico e comportamental de todos os envolvidos nos processos.<\/li>\n<li data-sourcepos=\"31:1-31:146\"><strong>Estabelecer metas claras e mensur\u00e1veis:<\/strong> Para acompanhar o desempenho da empresa e garantir o alcance dos objetivos da pol\u00edtica de qualidade.<\/li>\n<li data-sourcepos=\"32:1-32:131\"><strong>Promover a participa\u00e7\u00e3o de todos os colaboradores:<\/strong> Envolvendo todos os n\u00edveis da organiza\u00e7\u00e3o na busca pela melhoria cont\u00ednua.<\/li>\n<li data-sourcepos=\"33:1-34:0\"><strong>Estabelecer parcerias estrat\u00e9gicas:<\/strong> Com fornecedores e clientes, visando a constru\u00e7\u00e3o de rela\u00e7\u00f5es de longo prazo e o desenvolvimento de solu\u00e7\u00f5es inovadoras.<\/li>\n<\/ul>\n<p data-sourcepos=\"35:1-35:185\"><strong>Acreditamos que, atrav\u00e9s da implementa\u00e7\u00e3o desta pol\u00edtica, a Tecnotor Usinagem consolidar\u00e1 sua posi\u00e7\u00e3o de lideran\u00e7a no mercado e se tornar\u00e1 a escolha preferencial de seus clientes.<\/strong><\/p><p data-sourcepos=\"35:1-35:185\"><strong><br><\/strong><\/p><p data-sourcepos=\"35:1-35:185\"><strong><br><\/strong><\/p>\n<p data-sourcepos=\"37:1-37:30\"><strong>Adapta\u00e7\u00f5es e Implementa\u00e7\u00e3o<\/strong><\/p>\n<p data-sourcepos=\"39:1-39:333\">\u00c9 importante que esta pol\u00edtica seja adaptada \u00e0 realidade espec\u00edfica da Tecnotor Usinagem, envolvendo todos os colaboradores na sua elabora\u00e7\u00e3o e implementa\u00e7\u00e3o. Al\u00e9m disso, \u00e9 fundamental que a pol\u00edtica seja comunicada a todos os stakeholders da empresa e que sejam definidos indicadores de desempenho para acompanhar o seu cumprimento.<\/p><p data-sourcepos=\"39:1-39:333\"><br><\/p><p data-sourcepos=\"39:1-39:333\"><br><\/p>\n<p data-sourcepos=\"41:1-41:31\"><strong>Outros Pontos a Considerar:<\/strong><\/p>\n<ul data-sourcepos=\"43:1-46:0\">\n<li data-sourcepos=\"43:1-43:164\"><strong>Pol\u00edtica Ambiental:<\/strong> Se a empresa tiver alguma preocupa\u00e7\u00e3o com o meio ambiente, pode incluir aspectos relacionados \u00e0 sustentabilidade na pol\u00edtica de qualidade.<\/li>\n<li data-sourcepos=\"44:1-44:195\"><strong>Pol\u00edtica de Sa\u00fade e Seguran\u00e7a:<\/strong> A seguran\u00e7a dos colaboradores \u00e9 fundamental para qualquer empresa. A pol\u00edtica de qualidade pode incluir aspectos relacionados \u00e0 sa\u00fade e seguran\u00e7a no trabalho.<\/li>\n<li data-sourcepos=\"45:1-46:0\"><strong>Pol\u00edtica de Responsabilidade Social:<\/strong> A empresa pode demonstrar seu compromisso com a comunidade e com a sociedade em geral, incluindo aspectos relacionados \u00e0 responsabilidade social na pol\u00edtica de qualidade.<\/li>\n<\/ul>\n<p data-sourcepos=\"47:1-47:193\"><strong>Lembre-se:<\/strong> A pol\u00edtica de qualidade \u00e9 um documento vivo e deve ser revisado periodicamente para garantir que continue alinhada com os objetivos da empresa e com as necessidades dos clientes.<\/p>\t\t\t\t\t\t<\/div>\n\t\t\t\t<\/div>\n\t\t\t\t\t<\/div>\n\t\t\t\t<\/div>\n\t\t\t\t<\/div>\n\t\t","protected":false},"excerpt":{"rendered":"<p>Com base nessas informa\u00e7\u00f5es, proponho a seguinte pol\u00edtica de qualidade para a Tecnotor Usinagem: A Tecnotor Usinagem se compromete a fornecer produtos e servi\u00e7os de usinagem<span class=\"excerpt-hellip\"> [\u2026]<\/span><\/p>\n","protected":false},"author":1,"featured_media":0,"parent":0,"menu_order":0,"comment_status":"closed","ping_status":"closed","template":"","meta":{"_siteseo_robots_primary_cat":"","footnotes":""},"class_list":["post-789","page","type-page","status-publish","hentry"],"_links":{"self":[{"href":"https:\/\/linuxtec.com.br\/tecnotor\/wp-json\/wp\/v2\/pages\/789","targetHints":{"allow":["GET"]}}],"collection":[{"href":"https:\/\/linuxtec.com.br\/tecnotor\/wp-json\/wp\/v2\/pages"}],"about":[{"href":"https:\/\/linuxtec.com.br\/tecnotor\/wp-json\/wp\/v2\/types\/page"}],"author":[{"embeddable":true,"href":"https:\/\/linuxtec.com.br\/tecnotor\/wp-json\/wp\/v2\/users\/1"}],"replies":[{"embeddable":true,"href":"https:\/\/linuxtec.com.br\/tecnotor\/wp-json\/wp\/v2\/comments?post=789"}],"version-history":[{"count":4,"href":"https:\/\/linuxtec.com.br\/tecnotor\/wp-json\/wp\/v2\/pages\/789\/revisions"}],"predecessor-version":[{"id":794,"href":"https:\/\/linuxtec.com.br\/tecnotor\/wp-json\/wp\/v2\/pages\/789\/revisions\/794"}],"wp:attachment":[{"href":"https:\/\/linuxtec.com.br\/tecnotor\/wp-json\/wp\/v2\/media?parent=789"}],"curies":[{"name":"wp","href":"https:\/\/api.w.org\/{rel}","templated":true}]}}